 Calculate the highest common divisor of 7 and g.
7
Let g(a) = 3*a + 18*a**2 - a**2 - 8*a**2 - 7*a**2 - a**2 - 5. Let l be g(-5). Calculate the greatest common factor of l and 2.
1
Let p(j) = j**2 + 21*j + 43. Let r be p(-19). Let w be (-6)/3 - (-95)/r. What is the greatest common factor of w and 272?
17
Suppose 5*v = -a + 127 - 320, -5*v = 3*a + 199. Let o be (v - -21)*-2*2*2. Calculate the greatest common divisor of 34 and o.
34
Let b(a) be the third derivative of -5/6*a**3 - 29/24*a**4 + 0*a + 0 + 24*a**2. Let z be b(-1). Calculate the highest common factor of 8 and z.
8
Let n = -4747 + 4798. Calculate the highest common divisor of 5763 and n.
51
Let j be (-13)/1*(-9 - -7). Suppose -l + 79 = 18. Suppose 0 = 3*u - 3*t - 33, 7*t = 5*u + 5*t - l. Calculate the highest common divisor of u and j.
13
Let m be (-16 - -3)/(14/(-56)). Let p be ((-57)/2)/(m/(-104)). What is the highest common factor of 57 and p?
57
Let a = 20 - 18. Let k(l) = 3*l**3 - 2*l**2 + 3*l. Let n be k(a). Suppose -n - 28 = -z. Calculate the highest common divisor of z and 20.
10
Let h(k) = -23*k - 14. Let d be h(-3). Let g(r) = -5*r - 4. Let q be g(-3). Let p be q*(3/(-3) + 0)*-1. What is the highest common divisor of p and d?
11
Let h(z) = 5*z + 43. Let s be h(-9). Let f be 5/10*(s + 134). Suppose 0 = 3*m - 18. What is the highest common factor of f and m?
6
Let i(s) be the first derivative of s**4/4 - 8*s**3/3 + 17*s**2/2 - 14*s - 288. Let o be i(6). Calculate the greatest common divisor of o and 88.
8
Let l be 24/(-15) + 7832/445. What is the highest common factor of 152 and l?
8
Suppose l - 32*t + 31*t - 99 = 0, 5*l - 509 = -2*t. What is the greatest common factor of 53429 and l?
101
Suppose b + 21*b = -7*b + 263465. What is the highest common factor of b and 115?
115
Let u = -2192 - -2500. What is the greatest common divisor of u and 231?
77
Suppose 18*f - 19404 = -15*f - 3*f. What is the greatest common divisor of f and 392?
49
Let k(v) = 3*v**2 - 2 + 20 + 8*v - 10*v - 16*v + 3*v**2. Let b be k(-7). What is the highest common factor of b and 6?
6
Let n = -2 - 86. Let w = -74 - n. Let t be 0 + w + 1*-4. What is the highest common divisor of 4 and t?
2
Suppose -20*k + 135*k = -40*k + 152985. Calculate the highest common factor of 147 and k.
21
Suppose -8 = -6*a + 2422 + 924. What is the greatest common factor of a and 86?
43
Let w(m) = m**3 - 2*m**2 - 17*m + 84. Let d be w(3). Calculate the greatest common factor of d and 6111.
21
Suppose 0 = -57*m + 39*m - 16*m + 1632. What is the highest common divisor of 4272 and m?
48
Suppose -3*p + 178 = 5*q, 0 = -2*q + 3*p + p + 92. Let k be 3/2 + (-1085)/62. Let y be (k/12)/(1/(-228)). Calculate the highest common factor of y and q.
38
Let n be (-23)/((-143)/198 + (-2)/(-9)). Let t be (-9)/15 - n/(-10). Let o = -3 + 5. Calculate the highest common divisor of o and t.
2
Suppose m + 41 = 3*q + 2*m, 5*m + 35 = 5*q. Suppose 58*l - 55*l - 324 = 0. Let v = l + -88. What is the greatest common divisor of v and q?
4
Let w = 13724 - 10549. What is the highest common divisor of 275 and w?
25
Suppose -5*c + 2*g = -155, c - g - 37 = -3. Let p be (0 - 14/4)*-58. What is the greatest common divisor of c and p?
29
Suppose -50*b - 179042 + 338720 = -283222. Calculate the highest common divisor of 618 and b.
206
Suppose 182 = 4*c + 18. Suppose -5863 = 28*j - 41*j. What is the highest common factor of j and c?
41
Suppose 0 = x + 4*s - 1350, 3*x = s + 3940 + 84. What is the greatest common divisor of 110 and x?
22
Suppose -2*k + 5*f = -68, -3*f - 91 = -3*k + 29. Let n = -39 + k. Let g(y) = -y**2 + 9*y. Let t be g(n). What is the highest common divisor of 5 and t?
5
Let k be 98/35 + ((-6)/(-10))/3. Suppose -11 = -k*m - 86. Let x be 1 + (-10)/m + 93/5. What is the greatest common divisor of 50 and x?
10
Let v = 1001 - 110. Suppose -v = -26*o + 669. Calculate the highest common divisor of o and 120.
60
Suppose 0 = 2*f + v - 96, 5*f + 0*v - 240 = v. Suppose -6*k + 13*k - 224 = 0. What is the highest common divisor of f and k?
16
Suppose 272*k = 822*k - 110000. Calculate the highest common divisor of k and 3920.
40
Let v(j) = -j**3 - 18*j**2 + 10*j + 17. Let o be v(-19). Calculate the greatest common divisor of o and 8.
4
Let r = -19 - -11. Let p be (5 + 60/r)/((-2)/4). Suppose 4*d - 5 - 3 = -4*c, -p*c - 18 = -2*d. What is the greatest common divisor of d and 8?
4
Suppose 0 = 3*h - 6*h + 3*k, -3 = 2*h - k. Let r(o) = 21*o**2 - 2*o - 5. Let a be r(h). What is the greatest common divisor of a and 38?
38
Suppose -m + h - 18 + 20 = 0, 3*m - 5*h - 4 = 0. Suppose 74 = 5*z - 4*o, m*o = -2*z + 4*o + 32. Calculate the highest common factor of z and 99.
9
Let z = 6 + 3. Suppose 2567 = 85*m + 782. Suppose z = 22*n - m*n. What is the highest common divisor of 18 and n?
9
Let z(x) = -5*x + 14. Let o(r) = -10*r + 29. Let q(b) = -6*o(b) + 13*z(b). Let h be q(-2). What is the highest common factor of h and 18?
18
Let i be (3/(-2))/(124/(-19096)). What is the highest common divisor of i and 567?
21
Let f be 3/(-2 + 1) + 312 + -162. What is the greatest common divisor of f and 43071?
147
Suppose 2*y = y + 3*p, 0 = 5*p. Suppose -7*a + 16 - 1808 = y. Let c be ((-54)/(-8))/((-48)/a). What is the highest common factor of 9 and c?
9
Let n be 5162*(-2)/((-24)/18). What is the greatest common divisor of 87 and n?
87
Let w(m) = -473*m - 101. Let y be w(-2). Calculate the greatest common factor of y and 260.
65
Let w be ((-474)/(-553))/(2/1246). What is the highest common divisor of w and 178?
178
Let t(g) = -3*g**3 + g**2 - 4*g - 20. Let m be t(-2). Let f(x) = -x - 4. Let y be f(-6). Calculate the greatest common factor of m and y.
2
Let k(q) = -q**2 - 11*q. Let m be k(-15). Let d = 57 + m. Let c be (d/(-3))/(4/(-8)) - -7. What is the greatest common divisor of c and 5?
5
Let r = -146 - -362. Let n(z) = 2*z**2 - 51*z - 278. Let h be n(-5). Calculate the highest common factor of r and h.
27
Let w be (-5796)/(-72) - 2/(-4). Calculate the highest common divisor of 36 and w.
9
Let j = 6661 - -2219. What is the highest common divisor of 10 and j?
10
Let g = -2377 - -2401. Let y = -30 - -60. Calculate the greatest common factor of y and g.
6
Let k(j) = -7*j**2 - 62*j - 18. Let c be k(-8). Suppose -c*d + 14*d = -3584. What is the greatest common factor of 4 and d?
4
Suppose 2*q + 602 = -4*f, 0 = -19*q + 20*q - 5. Let b = f - -197. Suppose 2*i = 5*i - 66. Calculate the greatest common divisor of b and i.
22
Let c(s) = -4*s**2 - 25*s + 39. Let v be c(-6). What is the highest common factor of 5949 and v?
9
Let c be 20/(-4) - ((2 - 9800) + 1). What is the highest common factor of 68 and c?
68
Suppose -810 = 39*f - 44*f. Let r = -108 + f. What is the highest common divisor of 90 and r?
18
Let a(r) = 67*r - 3253. Let u be a(50). Calculate the greatest common divisor of 8 and u.
1
Let w = -452 - -590. Let d = w - -310. Calculate the greatest common factor of 28 and d.
28
Let u = 80 - 97. Let l be (-1 - -1)*u/(-51). Suppose l = 4*m - 2*d - 712, 0 = -2*m - 5*d + 183 + 149. Calculate the greatest common factor of m and 22.
22
Let w(g) = g**2 + 19*g - 17. Let s be w(-20). Let r = s - 2. Let j be -2 - -1 - r*-56. What is the highest common factor of 5 and j?
5
Let z(h) = -2*h - 2. Let o be z(6). Let v = o + -70. Let y = v + 105. Calculate the greatest common divisor of y and 21.
21
Suppose -31*f - 20056 = -54*f. Calculate the greatest common factor of 8 and f.
8
Let n be 108/84 + 234/14. What is the greatest common divisor of 96 and n?
6
Let b = 158 - 133. Suppose 455 = -b*i + 32*i. Suppose 4*y + 1 = 53. Calculate the highest common factor of i and y.
13
Suppose 2032*h + 32076 = 2230*h. Calculate the greatest common factor of h and 378.
54
Suppose 22*z - 363 - 33 = 0. Let v be 266/z - (5 - 235/45). Calculate the highest common divisor of v and 345.
15
Suppose 31*u = 5*u - 2860. Let o = u - -122. Calculate the greatest common divisor of o and 876.
12
Let t(n) = -n**2 - 38*n - 64. Let k be t(-28). Let b = k + -194. Suppose -r + 160 = 3*l, -4*r + 3*r = -l + 60. What is the highest common factor of l and b?
11
Let s(f) = 4*f**2 - 5*f - 1. Let o be s(-5). Let k = o + -29. Suppose -3*g - 2*w + 115 = 0, 5*g + k = 7*g + 5*w. What is the highest common factor of 140 and g?
35
Suppose 30*f - 1590 = 15*f.